{"id":14,"date":"2021-01-16T15:31:39","date_gmt":"2021-01-16T14:31:39","guid":{"rendered":"https:\/\/pfadijurabiel.ch\/wordpress\/?page_id=14"},"modified":"2023-12-03T17:01:58","modified_gmt":"2023-12-03T16:01:58","slug":"dokumente","status":"publish","type":"page","link":"https:\/\/pfadijurabiel.ch\/?page_id=14","title":{"rendered":"Dokumente"},"content":{"rendered":"<div class=\"style-1778 style-local-14-c1 position-relative\" data-colibri-id=\"14-c1\">\r\n<div id=\"custom\" class=\"h-section h-section-global-spacing d-flex align-items-lg-center align-items-md-center align-items-center style-1779 style-local-14-c2 position-relative\" data-colibri-component=\"section\" data-colibri-id=\"14-c2\">\r\n<div class=\"h-section-grid-container h-section-boxed-container\">\r\n<div class=\"h-row-container gutters-row-lg-2 gutters-row-md-2 gutters-row-0 gutters-row-v-lg-2 gutters-row-v-md-2 gutters-row-v-2 style-1782 style-local-14-c5 position-relative\" data-colibri-id=\"14-c5\">\r\n<div class=\"h-row justify-content-lg-center justify-content-md-center justify-content-center align-items-lg-stretch align-items-md-stretch align-items-stretch gutters-col-lg-2 gutters-col-md-2 gutters-col-0 gutters-col-v-lg-2 gutters-col-v-md-2 gutters-col-v-2\">\r\n<div class=\"h-column h-column-container d-flex h-col-lg-auto h-col-md-auto h-col-auto style-1783-outer style-local-14-c6-outer\">\r\n<div class=\"d-flex h-flex-basis h-column__inner h-px-lg-2 h-px-md-2 h-px-2 v-inner-lg-2 v-inner-md-2 v-inner-2 style-1783 style-local-14-c6 position-relative\" data-colibri-id=\"14-c6\">\r\n<div class=\"w-100 h-y-container h-column__content h-column__v-align flex-basis-100 align-self-lg-start align-self-md-start align-self-start\">\r\n<div class=\"h-global-transition-all h-heading style-1784 style-local-14-c7 position-relative h-element\" data-colibri-id=\"14-c7\">\r\n<div class=\"h-heading__outer style-1784 style-local-14-c7\">\r\n<h1 class=\"\">Dokumente<\/h1>\r\n<\/div>\r\n<\/div>\r\n\r\n<div class=\"h-text h-text-component style-1787 style-local-14-c10 position-relative h-element\" data-colibri-id=\"14-c10\">\r\n<div class=\"\">\r\n\r\nF\u00fcr jedes Lager muss ein <a href=\"https:\/\/pfadijurabiel.ch\/wp-content\/uploads\/2021\/05\/Notfallblatt_Lager.pdf\" target=\"_blank\" rel=\"noopener\">Notfallblatt<\/a> f\u00fcr jede TeilnehmerIn ausgef\u00fcllt und dem Leitungsteam per Post (nicht per Mail) zugestellt werden. Diese Vorlage des Notfallblatts k\u00f6nnt ihr f\u00fcr alle Lager verwenden.\r\n\r\n<\/div>\r\n<\/div>\r\n<div class=\"h-text h-text-component style-1789 style-local-14-c12 position-relative h-element\" data-colibri-id=\"14-c12\">\r\n<div class=\"\">\r\n\r\nTipps zum Packen eines Rucksacks findet ihr im Dokument <a href=\"https:\/\/pfadijurabiel.ch\/wp-content\/uploads\/2021\/05\/Wie_Packe_ich_meinen_Rucksack.pdf\" target=\"_blank\" rel=\"noopener\"><em>Wie packe ich meinen Rucksack.<\/em><\/a>\r\n\r\n<\/div>\r\n<\/div>\r\n<div class=\"h-text h-text-component style-1788 style-local-14-c11 position-relative h-element\" data-colibri-id=\"14-c11\">\r\n<div class=\"\">\r\n\r\nF\u00fcr einen Blick hinter die Kulissen k\u00f6nnt ihr euch das <a href=\"https:\/\/pfadijurabiel.ch\/wp-content\/uploads\/2021\/05\/Detailprogramm.pdf\" target=\"_blank\" rel=\"noopener\">Detailprogramm<\/a> eines fr\u00fcheren Lagers anschauen.\r\n\r\n<\/div>\r\n<\/div>\r\n<div class=\"h-text h-text-component style-1785 style-local-14-c8 position-relative h-element\" data-colibri-id=\"14-c8\">\r\n<div class=\"\">\r\n\r\nDie wichtigsten Infos zu Zecken findet ihr <a href=\"https:\/\/pfadijurabiel.ch\/wp-content\/uploads\/2021\/05\/Zecken.pdf\" target=\"_blank\" rel=\"noopener\">hier<\/a>.\r\n\r\n\r\n<\/div>\r\n<\/div>\r\n<\/div>\r\n<\/div>\r\n<\/div>\r\n<\/div>\r\n<\/div>\r\n<\/div>\r\n<\/div>\r\n<\/div>","protected":false},"excerpt":{"rendered":"<p>Dokumente F\u00fcr jedes Lager muss ein Notfallblatt f\u00fcr jede TeilnehmerIn ausgef\u00fcllt und dem Leitungsteam per Post (nicht per Mail) zugestellt werden. Diese Vorlage des Notfallblatts k\u00f6nnt ihr f\u00fcr alle Lager verwenden. Tipps zum Packen eines Rucksacks findet ihr im Dokument Wie packe ich meinen Rucksack. F\u00fcr einen Blick hinter die Kulissen k\u00f6nnt ihr euch das [&hellip;]<\/p>\n","protected":false},"author":3,"featured_media":0,"parent":0,"menu_order":0,"comment_status":"closed","ping_status":"closed","template":"page-templates\/full-width-page.php","meta":{"footnotes":""},"class_list":["post-14","page","type-page","status-publish","hentry"],"featured_image_src":null,"featured_image_src_square":null,"_links":{"self":[{"href":"https:\/\/pfadijurabiel.ch\/index.php?rest_route=\/wp\/v2\/pages\/14","targetHints":{"allow":["GET"]}}],"collection":[{"href":"https:\/\/pfadijurabiel.ch\/index.php?rest_route=\/wp\/v2\/pages"}],"about":[{"href":"https:\/\/pfadijurabiel.ch\/index.php?rest_route=\/wp\/v2\/types\/page"}],"author":[{"embeddable":true,"href":"https:\/\/pfadijurabiel.ch\/index.php?rest_route=\/wp\/v2\/users\/3"}],"replies":[{"embeddable":true,"href":"https:\/\/pfadijurabiel.ch\/index.php?rest_route=%2Fwp%2Fv2%2Fcomments&post=14"}],"version-history":[{"count":8,"href":"https:\/\/pfadijurabiel.ch\/index.php?rest_route=\/wp\/v2\/pages\/14\/revisions"}],"predecessor-version":[{"id":8736,"href":"https:\/\/pfadijurabiel.ch\/index.php?rest_route=\/wp\/v2\/pages\/14\/revisions\/8736"}],"wp:attachment":[{"href":"https:\/\/pfadijurabiel.ch\/index.php?rest_route=%2Fwp%2Fv2%2Fmedia&parent=14"}],"curies":[{"name":"wp","href":"https:\/\/api.w.org\/{rel}","templated":true}]}}

<div class="style-1778 style-local-14-c1 position-relative" data-colibri-id="14-c1">
<div id="custom" class="h-section h-section-global-spacing d-flex align-items-lg-center align-items-md-center align-items-center style-1779 style-local-14-c2 position-relative" data-colibri-component="section" data-colibri-id="14-c2">
<div class="h-section-grid-container h-section-boxed-container">
<div class="h-row-container gutters-row-lg-2 gutters-row-md-2 gutters-row-0 gutters-row-v-lg-2 gutters-row-v-md-2 gutters-row-v-2 style-1782 style-local-14-c5 position-relative" data-colibri-id="14-c5">
<div class="h-row justify-content-lg-center justify-content-md-center justify-content-center align-items-lg-stretch align-items-md-stretch align-items-stretch gutters-col-lg-2 gutters-col-md-2 gutters-col-0 gutters-col-v-lg-2 gutters-col-v-md-2 gutters-col-v-2">
<div class="h-column h-column-container d-flex h-col-lg-auto h-col-md-auto h-col-auto style-1783-outer style-local-14-c6-outer">
<div class="d-flex h-flex-basis h-column__inner h-px-lg-2 h-px-md-2 h-px-2 v-inner-lg-2 v-inner-md-2 v-inner-2 style-1783 style-local-14-c6 position-relative" data-colibri-id="14-c6">
<div class="w-100 h-y-container h-column__content h-column__v-align flex-basis-100 align-self-lg-start align-self-md-start align-self-start">
<div class="h-global-transition-all h-heading style-1784 style-local-14-c7 position-relative h-element" data-colibri-id="14-c7">
<div class="h-heading__outer style-1784 style-local-14-c7">
<h1 class="">Dokumente</h1>
</div>
</div>

<div class="h-text h-text-component style-1787 style-local-14-c10 position-relative h-element" data-colibri-id="14-c10">
<div class="">

Für jedes Lager muss ein <a href="https://pfadijurabiel.ch/wp-content/uploads/2021/05/Notfallblatt_Lager.pdf" target="_blank" rel="noopener">Notfallblatt</a> für jede TeilnehmerIn ausgefüllt und dem Leitungsteam per Post (nicht per Mail) zugestellt werden. Diese Vorlage des Notfallblatts könnt ihr für alle Lager verwenden.

</div>
</div>
<div class="h-text h-text-component style-1789 style-local-14-c12 position-relative h-element" data-colibri-id="14-c12">
<div class="">

Tipps zum Packen eines Rucksacks findet ihr im Dokument <a href="https://pfadijurabiel.ch/wp-content/uploads/2021/05/Wie_Packe_ich_meinen_Rucksack.pdf" target="_blank" rel="noopener"><em>Wie packe ich meinen Rucksack.</em></a>

</div>
</div>
<div class="h-text h-text-component style-1788 style-local-14-c11 position-relative h-element" data-colibri-id="14-c11">
<div class="">

Für einen Blick hinter die Kulissen könnt ihr euch das <a href="https://pfadijurabiel.ch/wp-content/uploads/2021/05/Detailprogramm.pdf" target="_blank" rel="noopener">Detailprogramm</a> eines früheren Lagers anschauen.

</div>
</div>
<div class="h-text h-text-component style-1785 style-local-14-c8 position-relative h-element" data-colibri-id="14-c8">
<div class="">

Die wichtigsten Infos zu Zecken findet ihr <a href="https://pfadijurabiel.ch/wp-content/uploads/2021/05/Zecken.pdf" target="_blank" rel="noopener">hier</a>.


</div>
</div>
</div>
</div>
</div>
</div>
</div>
</div>
</div>
</div>

<p>Dokumente Für jedes Lager muss ein Notfallblatt für jede TeilnehmerIn ausgefüllt und dem Leitungsteam per Post (nicht per Mail) zugestellt werden. Diese Vorlage des Notfallblatts könnt ihr für alle Lager verwenden. Tipps zum Packen eines Rucksacks findet ihr im Dokument Wie packe ich meinen Rucksack. Für einen Blick hinter die Kulissen könnt ihr euch das [&hellip;]</p>
